rue
Is 2030 a multiple of 29?
True
Is 2940 a multiple of 15?
True
Is 21540 a multiple of 12?
True
Is 574 a multiple of 10?
False
Is 5 a factor of 3609?
False
Does 20 divide 4897?
False
Is 40 a factor of 7520?
True
Is 100 a factor of 1000?
True
Is 98688 a multiple of 257?
True
Is 13724 a multiple of 4?
True
Is 73038 a multiple of 22?
False
Is 7 a factor of 524?
False
Does 18 divide 11682?
True
Is 5746 a multiple of 169?
True
Is 9 a factor of 1405?
False
Is 9038 a multiple of 107?
False
Is 1495 a multiple of 23?
True
Does 47 divide 893?
True
Does 73 divide 438?
True
Is 12773 a multiple of 241?
True
Is 34 a factor of 748?
True
Is 13 a factor of 4836?
True
Is 7 a factor of 242?
False
Is 834 a multiple of 15?
False
Is 4 a factor of 232?
True
Does 16 divide 79104?
True
Is 42 a factor of 10030?
False
Is 5 a multiple of 4?
False
Is 3136 a multiple of 56?
True
Is 42 a factor of 394?
False
Does 62 divide 2542?
True
Is 17 a factor of 14157?
False
Does 29 divide 3225?
False
Is 1025 a multiple of 15?
False
Is 601 a multiple of 21?
False
Is 30870 a multiple of 46?
False
Is 63154 a multiple of 26?
True
Is 165 a multiple of 21?
False
Is 273 a multiple of 7?
True
Is 28420 a multiple of 28?
True
Is 2087 a multiple of 122?
False
Is 734 a multiple of 24?
False
Is 208 a factor of 13728?
True
Is 51 a factor of 13566?
True
Is 6739 a multiple of 23?
True
Does 136 divide 10560?
False
Does 12 divide 336?
True
Does 11 divide 2156?
True
Is 6 a factor of 66683?
False
Is 7 a factor of 70?
True
Is 8554 a multiple of 4?
False
Is 8 a factor of 187?
False
Is 123 a multiple of 6?
False
Does 8 divide 248?
True
Is 3 a factor of 32325?
True
Does 95 divide 3705?
True
Is 75 a factor of 203?
False
Is 35 a factor of 420?
True
Is 850 even?
True
Does 6 divide 1870?
False
Is 594 a multiple of 12?
False
Is 2131 a multiple of 33?
False
Is 26712 a multiple of 9?
True
Does 20 divide 680?
True
Does 72 divide 1525?
False
Does 4 divide 917?
False
Does 58 divide 3109?
False
Does 17 divide 2057?
True
Does 63 divide 55723?
False
Does 62 divide 7409?
False
Does 34 divide 1055?
False
Is 11 a factor of 330?
True
Is 21 a factor of 13583?
False
Is 1705 a multiple of 55?
True
Is 766 a multiple of 5?
False
Is 7254 a multiple of 9?
True
Is 9146 a multiple of 4?
False
Is 17 a factor of 49?
False
Is 75928 a multiple of 153?
False
Does 38 divide 1610?
False
Is 78 a multiple of 13?
True
Does 20 divide 700?
True
Does 7 divide 1747?
False
Is 12 a factor of 3025?
False
Is 6620 a multiple of 70?
False
Is 18396 a multiple of 73?
True
Is 68901 a multiple of 21?
True
Does 15 divide 4515?
True
Does 8 divide 208?
True
Does 111 divide 2065?
False
Does 25 divide 1470?
False
Does 47 divide 4684?
False
Is 324 a multiple of 36?
True
Is 14 a factor of 9096?
False
Is 42 a factor of 2814?
True
Does 30 divide 209?
False
Is 81015 a multiple of 15?
True
Is 17 a factor of 1598?
True
Is 1300 a multiple of 20?
True
Is 7620 a multiple of 171?
False
Does 108 divide 1149?
False
Does 16 divide 630?
False
Does 16 divide 2560?
True
Does 21 divide 588?
True
Does 20 divide 3600?
True
Is 113 a factor of 8588?
True
Is 127 a factor of 7747?
True
Does 13 divide 2863?
False
Does 72 divide 2792?
False
Does 17 divide 2737?
True
Is 8 a factor of 687?
False
Is 52 a factor of 746?
False
Does 11 divide 1304?
False
Is 23 a factor of 2070?
True
Is 17 a factor of 27336?
True
Does 140 divide 3951?
False
Does 67 divide 4355?
True
Is 67 a multiple of 9?
False
Is 88380 a multiple of 39?
False
Is 93 a factor of 4906?
False
Does 113 divide 5410?
False
Is 15 a factor of 3871?
False
Is 3960 a multiple of 40?
True
Is 41 a factor of 4346?
True
Does 90 divide 2250?
True
Is 435 a multiple of 17?
False
Is 2488 a multiple of 29?
False
Is 97036 a multiple of 17?
True
Does 13 divide 16588?
True
Is 4410 a multiple of 18?
True
Is 108 a factor of 87484?
False
Is 30774 a multiple of 106?
False
Does 3 divide 55?
False
Does 88 divide 41976?
True
Is 48279 a multiple of 231?
True
Does 31 divide 1054?
True
Does 15 divide 1170?
True
Is 4 a factor of 251?
False
Does 40 divide 200?
True
Does 28 divide 29288?
True
Does 88 divide 16808?
True
Is 35 a factor of 31710?
True
Is 115 a factor of 47599?
False
Is 979 a multiple of 60?
False
Is 19780 a multiple of 215?
True
Is 9114 a multiple of 93?
True
Is 37 a factor of 9324?
True
Is 74117 a multiple of 541?
True
Is 28 a multiple of 4?
True
Does 11 divide 1146?
False
Is 15 a factor of 4815?
True
Is 1271 a multiple of 41?
True
Does 27 divide 1027?
False
Does 7 divide 5979?
False
Is 2037 a multiple of 21?
True
Does 126 divide 20493?
False
Is 10 a factor of 176?
False
Is 388 a factor of 105536?
True
Does 123 divide 11439?
True
Is 2394 a multiple of 3?
True
Does 13 divide 871?
True
Does 26 divide 1196?
True
Does 27 divide 420?
False
Is 62184 a multiple of 24?
True
Is 9 a factor of 297?
True
Is 4020 a multiple of 11?
False
Is 735 a multiple of 21?
True
Does 5 divide 31535?
True
Is 2109 a multiple of 111?
True
Is 4268 a multiple of 24?
False
Does 17 divide 11611?
True
Does 47 divide 8413?
True
Is 846 a multiple of 94?
True
Is 124 a factor of 1976?
False
Is 2365 a multiple of 55?
True
Is 1709 a multiple of 4?
False
Is 22 a factor of 1744?
False
Is 16 a factor of 644?
False
Does 16 divide 1520?
True
Is 252 a multiple of 27?
False
Does 81 divide 3888?
True
Is 12 a factor of 4796?
False
Is 2446 a multiple of 21?
False
Is 538 a multiple of 30?
False
Is 5 a factor of 342?
False
Is 1880 a multiple of 10?
True
Is 69 a factor of 414?
True
Is 2300 a multiple of 70?
False
Is 353 a multiple of 46?
False
Is 51 a factor of 15869?
False
Is 55 a factor of 7513?
False
Is 21168 a multiple of 196?
True
Is 7 a factor of 10322?
False
Does 6 divide 64?
False
Does 2 divide 710?
True
Does 3 divide 18?
True
Is 88 a factor of 1411?
False
Is 6 a factor of 965?
False
Does 45 divide 642?
False
Is 658 a multiple of 5?
False
Is 4293 a multiple of 22?
False
Does 11 divide 144?
False
Is 35768 a multiple of 68?
True
Does 9 divide 314?
False
Does 83 divide 33947?
True
Does 19 divide 190?
True
Does 30 divide 9733?
False
Is 11 a factor of 462?
True
Is 40 a factor of 84?
False
Is 15 a factor of 450?
True
Is 1658 a multiple of 28?
False
Does 102 divide 109909?
False
Is 24 a factor of 5640?
True
Does 113 divide 2059?
False
Is 37 a factor of 3478?
True
Does 22 divide 572?
True
Does 308 divide 36036?
True
Does 8 divide 1424?
True
Is 1637 a multiple of 3?
False
Does 74 divide 10216?
False
Is 54 a factor of 34379?
False
Does 15 divide 549?
False
Is 2041 a multiple of 157?
True
Does 9 divide 783?
True
Does 3 divide 47?
False
Does 51 divide 10761?
True
Does 27 divide 1038?
False
Does 78 divide 374?
False
Is 2451 a multiple of 84?
False
Does 58 divide 37526?
True
Is 550 a multiple of 55?
True
Does 67 divide 10184?
True
Is 24 a factor of 17712?
True
Is 19 a factor of 47248?
False
Does 28 divide 118216?
True
Is 21299 a multiple of 22?
False
Does 20 divide 1240?
True
Does 87 divide 9222?
True
Is 47 a factor of 28623?
True
Does 59 divide 5841?
True
Does 49 divide 8722?
True
Is 143 a factor of 26455?
True
Is 1785 a multiple of 119?
True
Is 24480 a multiple of 60?
True
Does 274 divide 58734?
False
Is 858 a multiple of 26?
True
Is 84 a factor of 9240?
True
Is 81 a factor of 1286?
False
Is 7 a factor of 14471?
False
Is 11 a factor of 632?
False
Is 28 a factor of 3220?
True
Is 56 a factor of 60311?
False
Is 41750 a multiple of 18?
False
Does 16 divide 992?
True
Is 1568 a multiple of 14?
True
Is 708 a multiple of 15?
False
Is 6770 a multiple of 96?
False
Is 22 a factor of 15848?
False
Does 3 divide 3304?
False
Does 75 divide 3825?
True
Is 49907 a multiple of 120?
False
Is 21 a factor of 73?
False
Is 5904 a multiple of 164?
True
Does 6 divide 6064?
False
Does 212 divide 2898?
False
Is 3479 a multiple of 80?
False
Is 1504 a multiple of 41?
False
Does 8 divide 296?
True
Is 41977 a multiple of 158?
False
Is 52 a factor of 6754?
False
Is 13 a factor of 1755?
True
Does 47 divide 1081?
True
Is 118 a factor of 8972?
False
Is 8951 a multiple of 17?
False
Is 61590 a multiple of 12?
False
Is 405 a multiple of 15?
True
Does 5 divide 90?
True
Does 37 divide 222?
True
Does 6 divide 36?
True
Is 3864 a multiple of 69?
True
Is 1700 a multiple of 68?
True
Does 6 divide 47829?
False
Does 4 divide 12592?
True
Is 12 